e the remainder when 37 is divided by p.
7
Let k = -8 + 10. Suppose 3*w - 2*y = k*w + 165, -5*w - 4*y = -769. What is the remainder when w is divided by 40?
37
Let w(f) = f + 4. Let i be w(-2). Suppose 0 = 6*p - i*p - 4. Calculate the remainder when 12 is divided by (0 + 7)*(0 + p).
5
Let g(b) = 2*b**2 + b + 7. Let d be g(-2). Suppose d = m - 0*m. Calculate the remainder when 23 is divided by m.
10
Suppose 2*y - 4*y = -294. What is the remainder when 11 is divided by (3/(-9))/((-7)/y)?
4
Let x be (27/(-5))/((-2)/30). Let u = -34 + x. Calculate the remainder when u is divided by 16.
15
Let c(u) = -72*u**3 - 3*u**2 - 3*u - 2. Let o be c(-1). Suppose -9 = 3*i + 6, -5*q + 5*i + o = 0. What is the remainder when (2 - 1) + 25*1 is divided by q?
8
Suppose 3*s - 752 = -2*h, 4*s = -4*h + 162 + 838. What is the remainder when s is divided by 17?
14
Let u(n) = 15*n**2 + 4*n - 3. Let h be u(2). Suppose 6*d - h + 17 = 0. What is the remainder when 22 is divided by d?
6
Let w(s) = 4*s**2 + 3*s - 3*s**2 + s + 7. Let l be -3 + 7/3 + (-140)/(-30). Calculate the remainder when w(l) is divided by 10.
9
Let b(u) = 2*u - 2. Let l be (-8)/(-3)*(-15 + (-15)/5). Let z = 50 + l. Calculate the remainder when b(2) is divided by z.
0
Let l = -9 - -20. Let q be ((-12)/18*6)/(-2). Suppose -q*i + 5*i - 23 = 2*h, i = 4*h + l. What is the remainder when 27 is divided by i?
6
Suppose -8*h - 2*o + 96 = -6*h, 0 = 2*h - o - 102. Calculate the remainder when h is divided by 14.
8
Suppose 3*h - 114 = -4*g, -3*h - 2*g + 114 = g. Suppose 2*f + 0*x - x - 4 = 0, f - x = 0. What is the remainder when h is divided by ((-208)/(-40))/(f/10)?
12
Let f(h) = h**3 - 5*h**2 - 5*h - 3. Let v be f(6). Let p be (v/(-2))/((-7)/(-126)). Let b = p + 64. What is the remainder when b is divided by 13?
11
Let i(c) = c**2 - 15*c - 45. Calculate the remainder when 41 is divided by i(18).
5
Suppose 0 = -l + x + 30, 4*l + 2*x = 3*l + 21. Let s(t) = t + 27. Let a be s(-9). Let w = a - 8. What is the remainder when l is divided by w?
7
Let x = 106 + -86. Let f = x + -17. What is the remainder when 5 is divided by f?
2
Suppose -14*t = -9*t - 25, -4*u + 4*t = -232. What is the remainder when u is divided by 51?
12
Suppose -l + 84 + 70 = 0. Suppose 13*a - 106 = l. Calculate the remainder when 53 is divided by a.
13
Suppose -3 = 2*b - 5*h, -2*b + 2*h + 4 = -2. Let l = 82 - 36. Calculate the remainder when l is divided by b.
4
Suppose -5*m + o = -10, -5*m + 11 = 3*o + 1. Calculate the remainder when 14/63 + (-160)/(-9) is divided by (14/(-1))/(m - 4).
4
Suppose 5*y + 5*q = 255, 10*q + 78 = 2*y + 6*q. Calculate the remainder when 421 is divided by y.
45
Calculate the remainder when (-1320)/9*36/(-24) is divided by 84.
52
Suppose 5*s - 8 = 5*t + 87, 4*s + 4*t - 44 = 0. What is the remainder when 312 is divided by s?
12
What is the remainder when 47 is divided by ((-39)/9)/(13/(-78))?
21
Suppose -x - 24 = 8*i - 4*i, 0 = -x - 2*i - 16. What is the remainder when 12 is divided by (-12)/(((-9)/8)/((-6)/x))?
4
Let w(n) = 6*n. Let g(q) = 2*q**2 + 3*q + 11. Let v be g(-3). Suppose 40 = 12*r - v. What is the remainder when w(4) is divided by r?
4
Let a = 12 + -2. Suppose -2*t - 6 = -a. Suppose 0 = -5*z + 4*u + 50, -z + 13 + 3 = -t*u. Calculate the remainder when 22 is divided by z.
4
Let q = -82 - -99. Suppose -4*x + 7 + q = 0. Calculate the remainder when 34 is divided by x.
4
Let w be ((-8)/(-6))/((-18)/(-162)). Suppose -w*m = -7*m - 30. What is the remainder when 29 is divided by m?
5
What is the remainder when (9756/(-27))/((-12)/9) is divided by 8?
7
Let g(p) = -p**2 + 2*p + 102. Let q be g(0). Suppose -a + 4*a - q = 0. Let z = -14 + a. What is the remainder when 57 is divided by z?
17
Suppose -r + 41 - 8 = 2*c, 2*c = 5*r - 225. Suppose -4*m + 146 = -3*a, -5*a - 18*m + 13*m = 255. What is the remainder when (-8510)/a + (-3)/15 is divided by r?
41
Suppose -44*y + 3531 = -33*y. Calculate the remainder when y is divided by 23.
22
Let a be -2 + -2 - -3 - -4. Suppose 0 = l - a*r - 5, 4*r + 47 + 33 = 5*l. Let i = l - 10. Calculate the remainder when 27 is divided by i.
7
Suppose -4*a = 3*g - 0*a + 58, 5*a = 5*g + 50. What is the remainder when 84 is divided by 259/9 - g/63?
26
Let m(i) be the third derivative of i**5/12 + i**4/24 + 2*i**3/3 - 27*i**2. Calculate the remainder when m(-2) is divided by 8.
6
Let x = -8 - -19. Suppose x*h - 7*h - 28 = 0. What is the remainder when 13 is divided by h?
6
Suppose 3*n + 0*n = 123. Let f = n + -13. What is the remainder when 110 is divided by f?
26
Suppose 54*t - 49*t = 105. What is the remainder when 122 is divided by t?
17
What is the remainder when 62 is divided by (-655)/(-20) + 21/(-28)?
30
Let x(u) = -21*u + 41. Calculate the remainder when x(0) is divided by 16.
9
Suppose 0 = 2*i - 5*i - 90. Let h = -19 - i. Suppose -2465 + 2471 = g. What is the remainder when h is divided by g?
5
Suppose 4*q - 6*q = -4*c + 54, -3*c = -5*q - 37. Let a = -39 + 64. What is the remainder when a is divided by c?
11
Let b = -19 + 21. Suppose b*x + 35 = 7*x. Suppose x = -n + 24. Calculate the remainder when n is divided by 4.
1
Let o be (3/2)/(18/(-312)). Calculate the remainder when 104 is divided by (-2)/(-13) - 698/o.
23
Suppose -6 = 2*z + 2*h, -3*z + 2*h - 11 = 3*h. Let r be 24/(-14)*28/z. Suppose j + r = 5*j. Calculate the remainder when 13 is divided by j.
1
Let t(u) = u**3 + 3*u + 3. Let k be t(0). Suppose -5*l + 60 = k*i, -l - i = -4*l + 36. What is the remainder when 46 is divided by l?
10
Suppose -4*t - 4*v - 24 = 0, -5*v + 0*v = -10. Let w = t + 48. Suppose b - 6*b = -w. Calculate the remainder when 15 is divided by b.
7
Suppose 2*i - 3*x = 5, 5*i = -2*x - 2*x + 1. Suppose 3*k - b + 3 = 7*k, 2*k = -b - i. Suppose 6 = k*t - 12. Calculate the remainder when t is divided by 6.
3
Let z(d) = 2*d + d - 7*d + 12 - 3*d. Let y(i) = -11*i + 18. Let c(h) = -5*y(h) + 8*z(h). What is the remainder when c(0) is divided by 4?
2
What is the remainder when ((-14)/10 - -1) + 4288/20 is divided by 31?
28
Let k = -33 - -36. Suppose 6*o = o + 5, -2*j + k*o + 13 = 0. Suppose 0 = 2*w + 3*c - 63, w - 3*w = -c - 59. What is the remainder when w is divided by j?
6
Suppose 3*c - 3*r - 108 = 0, 5*r - 10 = 2*c - 67. Calculate the remainder when 214 is divided by c.
9
Let o be 1*(2 - 62)/4. Calculate the remainder when -3 + (32/(-3))/(10/o) is divided by 4.
1
Let l = 8 + 4. Calculate the remainder when ((-28)/(-10) - 2)/((-16)/(-1160)) is divided by l.
10
Let r(q) = q**2 + 5*q - 8. Calculate the remainder when 111 is divided by r(-7).
3
Suppose 285 = -4*c + 3*u, -1 + 11 = -2*u. Let y = 97 + c. Calculate the remainder when y is divided by 6.
4
Let z(s) = 2*s**2 - s - 1. Let d be z(2). Suppose -d*m + 64 = -l, 0*m - 5*l = -m + 8. Calculate the remainder when m is divided by 2.
1
Suppose 2*x - 2*k - 14 = -3*k, 0 = 3*x + 4*k - 16. Suppose -4*m + 52 = -x. What is the remainder when 42 is divided by m?
12
Let i be 332/6 + (-8)/(-12). Suppose 4*g - i = 20. What is the remainder when 74 is divided by g?
17
Suppose 5*v = -2*w + 159, 4*w - v - 298 = 75. Calculate the remainder when w is divided by (1/(-3))/(43/(-4128)).
28
What is the remainder when 3/(-30) - 364/(-40) is divided by 7?
2
Suppose -16 = -4*y + 2*y. Let g = -54 - -68. Calculate the remainder when g is divided by y.
6
Let z(w) = -w**3 - 4*w**2 + 1. Suppose 2*o = -2*o - 16. Let a = 9208 + -9204. Calculate the remainder when a is divided by z(o).
0
Let a(j) = 8*j**2 - 7*j - 32. Let y be a(-5). Let z = 304 - y. What is the remainder when z is divided by 6?
5
Let l = 27 - 19. Let s = -5870 + 5873. What is the remainder when l is divided by s?
2
What is the remainder when (-724)/(-14) - (-200)/700 is divided by 16?
4
What is the remainder when 193 is divided by (-14)/3*384/(-112) + -5?
6
Let l be (-3)/1 - (-1)/(3/72). Let w = l - 6. Suppose -5*h = 3*z - 21, 0*z + 9 = 2*h + z. Calculate the remainder when w is divided by h.
3
Suppose -2*y + 5*y - 12 = 0. Calculate the remainder when (-2*(-39 + 5))/2 is divided by y.
2
Suppose 3*l - 119 = -w, 0*l + 131 = 3*l - 2*w. What is the remainder when l is divided by 17?
7
Suppose 2 = -l, 5*n = -5*l + 44 - 14. What is the remainder when 1 - (1 + 1) - -54 is divided by n?
5
Calculate the remainder when 42903/108 + 0 + 1/(-4) is d